= n - 18. Let s be h(16). Is v(s) composite?
True
Let i be 765/3 - (-2 - -4). Suppose o - 12 = i. Let z = -124 + o. Is z prime?
False
Let f = -25 + 29. Suppose r - 4*g = -2, -f*r + 3*g = -r - 3. Suppose -4*o - 4*u = -576, u + 436 = r*o + o. Is o a composite number?
True
Let b(z) = 134*z**2 + 9*z - 43. Is b(8) composite?
True
Let l = -19 + 25. Suppose 5*h + 381 = l*h. Is h a composite number?
True
Suppose -b + 130 = 2*k, 31 - 6 = 5*k. Let s be (-349)/(-2) - (-1)/2. Let w = s - b. Is w prime?
False
Suppose -4*d - 63 = -25*d. Suppose 3*h + 365 = -4*y, -3*y = y + 4*h + 360. Is -2 - y - 1 - d prime?
True
Let q(c) = -18*c**3 - 9*c**2 - 11*c - 12. Let o be q(-5). Suppose -7*k + o = -3*k. Is k a prime number?
False
Suppose 8*z + 27 - 243 = 0. Is ((-9)/z)/(1/(-6)) a prime number?
True
Let k = -87 + 94. Suppose -4535 = -k*v + 2*v. Is v composite?
False
Let v(i) = -76*i - 5. Let s be v(-4). Suppose -s = -5*n + 246. Is n a prime number?
True
Suppose -5*n - 376 = -5*g - 136, -2*g - 4*n + 72 = 0. Let l = g + -39. Suppose x - 219 = l*v, -2*x + 413 = -0*x - 5*v. Is x a composite number?
True
Suppose 0 = 31*c - 57*c + 308438. Is c prime?
True
Let i be 90/(-24) + (-6)/(-8). Let r(q) = -593*q + 16. Is r(i) a composite number?
True
Suppose 2*g - y - 2*y = 6778, 2*g - 5*y = 6778. Is g a prime number?
True
Let b(d) = d**2 + 5*d - 2. Let z be b(-4). Let y(r) = -12*r + 8. Let o be y(z). Is ((-159)/(-2))/(24/o) prime?
False
Suppose 0 = n - 3*n - 4. Let j be 1 + 2 + -1 + n. Suppose w - s = 139, 281 = 2*w - j*w - s. Is w a prime number?
False
Let n = -2503 - -4336. Let g = 398 + n. Is g composite?
True
Let i = 1157 - 670. Is i composite?
False
Suppose 42*r = 39*r + 3*d + 438147, 5*r + d = 730257. Is r a composite number?
False
Let h = 10 - 5. Suppose 0 = 3*c - 4*m - 15 - 18, h*c - 78 = -m. Suppose -2*r + c = 3. Is r prime?
False
Let k(z) = 2*z - 8. Let l be k(4). Suppose l = -2*q - 2. Is -1 + q - -190 - 1 prime?
False
Let v(t) = t**3 + 7*t + 2. Let w be v(-3). Let n = -8 - w. Is n a composite number?
True
Let a = -3859 + 6698. Is a composite?
True
Suppose -6*f - 1627 = 3689. Is f*((-3)/(-6))/(-1) a composite number?
False
Suppose -6*c - 6959 = -1079. Let t = -77 - 316. Let l = t - c. Is l prime?
True
Suppose 5*u = 3*v - 12506, 5*u + 4152 = -15*v + 16*v. Is v a composite number?
False
Let r be 608861/(-44) - (-1)/(-4). Is r/(-18) + ((-48)/(-54))/4 a prime number?
True
Suppose -12 + 3 = -3*l. Suppose 0 = 4*s + l*o - 658, -173 = s - 2*s - 5*o. Is s a prime number?
True
Let x be 80/20 + (-35 - -1). Is (-4425)/x + 3/2 composite?
False
Let m = -5339 - -11572. Is m a composite number?
True
Let i(x) = -9*x - 8*x - 2*x - 1 - x. Is i(-1) composite?
False
Let s = 178655 + -119998. Is s a composite number?
False
Let h = -41 + 39. Is (-1)/h*-2*-331 prime?
True
Suppose 0*n - 1 = n, 2*k + n + 285 = 0. Let v = -129 - -348. Let m = k + v. Is m a composite number?
True
Is -7 - ((-4)/(-20) - 553847/35) prime?
True
Suppose n + 2*x - 566 - 9190 = 0, 9740 = n - 2*x. Suppose 23*l - n = 19*l. Is l a prime number?
True
Let c(l) = l**3 - 3*l**2 + l + 2. Let m be c(2). Suppose r - 3 = m, 2*r = -3*n - 0*r - 84. Is 1/((-3 - 0)/n) a prime number?
False
Is (((-198)/(-30))/(-11))/(1/(-12605)) a composite number?
True
Suppose -20*t + 16*t = -h + 21126, -5*t + 84462 = 4*h. Is h composite?
True
Suppose 0 = -3*w + 509 + 115. Suppose -48*i + 58*i - 3530 = 0. Let h = i - w. Is h composite?
True
Let g = 4101 - 1858. Is g composite?
False
Let n(z) = -z**3 - z**2 + 6*z + 3. Let b be n(-4). Suppose -y = -s - 9, 4*y - 3 = 2*s + b. Is (4/y)/(4/1266) prime?
True
Suppose 4*k + 3*o - 46 = 0, -4*o = -7*k + 5*k + 12. Suppose 4*t + 9 = 3*t + 3*x, 2*t - 4*x = -k. Is (-307)/(3 - (1 + t)) prime?
True
Is 2638*((-7)/42 - (-2)/3) a composite number?
False
Suppose -2*d + 3036 = d. Suppose -d = -5*b - 3*f + 2344, -5*b = 2*f - 3359. Is b a prime number?
True
Let n be (-13)/26 + 379/(-2). Let k = -105 - n. Is k prime?
False
Suppose -5*y - 2*o + 4*o + 10 = 0, 2*o = y - 2. Suppose -6*c + 5 = -5*c, s - y = c. Suppose s*t - 4*t = 174. Is t a composite number?
True
Let p(w) = 2*w - 5. Let o be p(9). Let m = -10 + o. Suppose 0 = -c + m*z + 84, 2*c - 2*z - 118 = -6*z. Is c prime?
False
Let m = -335 + 337. Is m composite?
False
Suppose -5*b + 10 = 0, -k - 5*b + 11 = -1. Let u(y) = -3*y**2 - 2 + 10 - k*y**3 - 4*y**2 - 3*y. Is u(-6) a prime number?
False
Let q = 4596 + -1997. Is q prime?
False
Let i be -12*(3 + 7/(-2)). Let q(h) = 3 - 6*h + i + 5*h. Is q(-10) a prime number?
True
Let q = 55 - 66. Is q/33*(-5585 + 2) a composite number?
False
Let k(b) = 88*b**3 + 4*b - 7. Let p be k(2). Suppose 4*l - 299 = p. Is l prime?
True
Suppose 3*w = -3*n - 9, 5 = -0*n - n. Let i(l) = 7 + l**2 - 3*l + l**2 + 2*l + 3*l**w. Is i(-10) a prime number?
False
Let f be -10 + 4 + (-3 - -1). Let c(z) = -5*z**2 - 6*z + 9. Let r be c(f). Let v = -52 - r. Is v a composite number?
False
Let k(b) = 90*b**2 - 29*b - 137. Is k(-5) prime?
False
Let f(z) = 1 - z**2 - 20*z + 0*z**2 + 22*z - 3*z**3. Let k be f(5). Let h = 576 + k. Is h composite?
True
Is -1 + 111618/(-15)*(-30)/9 a prime number?
False
Let n(d) = d**3 + 8*d**2 + 6*d + 6. Let y be n(-7). Suppose y*j - 11*j - 22 = 0. Is j prime?
True
Suppose u - 266 = -0*u - 5*n, -4*n + 8 = 0. Suppose -4*a = 3*j - 3277, 2*a = j - 823 - u. Is j prime?
True
Let m(k) = -k**2 - 4*k + 6. Let i be m(-4). Let v be i*1 - (3 + 0). Suppose v*q - 808 = -p, -3 = -0*p - 3*p. Is q a composite number?
False
Let h(i) be the second derivative of 5*i**4/12 - 7*i**3/6 - 25*i**2/2 - 3*i. Is h(15) a prime number?
False
Suppose 0 = 3*g + 2*w - 12669, 12669 = -5*g + 8*g - 4*w. Let p = 6352 - g. Is p prime?
True
Let w = 3404 + -541. Is w composite?
True
Suppose 3*w - 6*w - 12 = 0, -4*i + 3368 = -3*w. Is i composite?
False
Let b(g) = -42*g**3 - 4*g**2 + 83*g + 20. Is b(-7) a composite number?
False
Suppose -2*g = 3*k - 53, 2*k + 102 - 36 = 4*g. Suppose 0 = -2*r - 0*r - v + 445, -4*r + 5*v + 883 = 0. Let c = r - g. Is c a composite number?
True
Let s = 7 + -4. Let n = s - -3. Is 14/(-21) - (-46)/n prime?
True
Let j = 135 - 158. Let a(c) = -c**3 - 20*c**2 - 40*c - 9. Is a(j) prime?
False
Let g = -97 - -100. Suppose 4*z - g*z - 353 = 0. Is z composite?
False
Let x be 1 - 1 - (291 - 1). Suppose u - r = -41 - 401, 5*u = 2*r - 2201. Let m = x - u. Is m a prime number?
True
Is 209 - (-3 - -2 - 1) composite?
False
Let f(v) = v**2 + 5*v. Let g be f(-5). Suppose g = 2*y + 2*y - 436. Is y a composite number?
False
Suppose 0*j + 2*j + 938 = 0. Let q = j - -678. Let a = -103 + q. Is a composite?
True
Let l(p) = 10*p**2 + 322*p + 13. Is l(-58) composite?
True
Let y(o) = 4*o**3 + 11*o**2 - 22*o - 16. Is y(11) composite?
False
Suppose 3*x = 38070 + 1371. Is x composite?
False
Suppose -v + 3166 = w, 3*w - 15827 = -5*v - w. Is v prime?
True
Suppose -6*i + 3*i - 21 = 0. Let d = -33 - i. Let w = d - -52. Is w prime?
False
Suppose 0 = -5*k - 5*y + 63050, -4*k + y + 30103 = -20342. Is k a composite number?
False
Let a(i) = i**3 + 3*i**2 - 7*i + 4. Let x be a(4). Let d be (x/(-6))/(2/51). Let p = d + 531. Is p composite?
False
Let z(h) = 2*h**3 + 2*h**2 - 2*h. Let n be z(-2). Is (-16911)/(-6) + (-2)/n composite?
False
Let d = 4386 + -2589. Is d a prime number?
False
Suppose 0 = -5*l + 38*l - 151437. Is l composite?
True
Let v = -28 - -19. Let b be ((-9)/v)/((-2)/(-556)). Suppose n = -n + b. Is n prime?
True
Let h(u) = u**2 - 2*u + 4. Let z(o) = -o - 10. Let m be z(-8). Let x be (m + 4)/((-12)/(-42)). Is h(x) a prime number?
False
Let f = 22 + -18. Is 4/2*166/f a prime number?
True
Suppose 0 = h - 6*h + 3*t - 59, 3*t - 19 = h. Let x = h - -1. Let m(g) = 3*g**2 + 14*g - 2. Is m(x) a prime number?
False
Is -2*(-2 + 45687/(-6) - -3) composite?
False
Let c = 19258 - 7847. Is c a prime number?
True
Let a(w) = 234*w - 5. Let g = 79 + -73. Is a(g) prime?
True
Let g be (-11 - (-2 + 1))/(-2). Suppose -5 = g*l + 5*a, -3*a + 2 = -2*l - 0*a. Is (-140)/8*(-3 - l) composite?
True
Let u be (3 - 3) + 1 + -2. Let i be u/((-3)/18*2). Suppose z = -i*z - 5*a + 299, -a = -3. Is z prime?
True
Let b(p) be the third derivative of -55*p**4/24 + 5*p**3/6 + 18*p**2. Is b(-6) a composite number?
True
Let f = -565 - -335. Let z = -107 - f. Is z a composite number?
True
Let z = 26 + -11. Suppose